What are the prime factors of 1151?
1151
List the prime factors of 1568.
2, 7
What are the prime factors of 3144?
2, 3, 131
List the prime factors of 7477.
7477
What are the prime factors of 113069?
11, 19, 541
List the prime factors of 8271.
3, 919
List the prime factors of 687.
3, 229
What are the prime factors of 23225?
5, 929
What are the prime factors of 1280?
2, 5
What are the prime factors of 4307?
59, 73
List the prime factors of 12370.
2, 5, 1237
What are the prime factors of 104197?
29, 3593
List the prime factors of 10854.
2, 3, 67
List the prime factors of 253.
11, 23
List the prime factors of 14724.
2, 3, 409
What are the prime factors of 1682?
2, 29
What are the prime factors of 702?
2, 3, 13
What are the prime factors of 548?
2, 137
List the prime factors of 118851.
3, 173, 229
List the prime factors of 1875.
3, 5
What are the prime factors of 103044?
2, 3, 31, 277
List the prime factors of 52694.
2, 26347
List the prime factors of 41805.
3, 5, 929
What are the prime factors of 2106?
2, 3, 13
List the prime factors of 8707.
8707
List the prime factors of 43398.
2, 3, 2411
List the prime factors of 139909.
7, 11, 23, 79
What are the prime factors of 900?
2, 3, 5
What are the prime factors of 92?
2, 23
List the prime factors of 172810.
2, 5, 11, 1571
List the prime factors of 104.
2, 13
List the prime factors of 136423.
7, 19489
List the prime factors of 1152.
2, 3
List the prime factors of 15051.
3, 29, 173
What are the prime factors of 3656?
2, 457
What are the prime factors of 71961?
3, 17, 83
List the prime factors of 25488.
2, 3, 59
List the prime factors of 767.
13, 59
What are the prime factors of 691?
691
What are the prime factors of 3599?
59, 61
What are the prime factors of 39374?
2, 19687
List the prime factors of 406.
2, 7, 29
List the prime factors of 24465.
3, 5, 7, 233
List the prime factors of 13524.
2, 3, 7, 23
List the prime factors of 58787.
58787
List the prime factors of 534.
2, 3, 89
What are the prime factors of 784?
2, 7
What are the prime factors of 7922?
2, 17, 233
What are the prime factors of 12229?
7, 1747
What are the prime factors of 79389?
3, 8821
What are the prime factors of 1020?
2, 3, 5, 17
List the prime factors of 2091.
3, 17, 41
List the prime factors of 7146.
2, 3, 397
List the prime factors of 1134.
2, 3, 7
What are the prime factors of 3205?
5, 641
What are the prime factors of 495?
3, 5, 11
What are the prime factors of 1128?
2, 3, 47
What are the prime factors of 83138?
2, 11, 3779
What are the prime factors of 8345?
5, 1669
What are the prime factors of 2675?
5, 107
List the prime factors of 522.
2, 3, 29
List the prime factors of 59513.
59513
What are the prime factors of 18610?
2, 5, 1861
List the prime factors of 3739.
3739
List the prime factors of 1654.
2, 827
What are the prime factors of 23400?
2, 3, 5, 13
List the prime factors of 7163.
13, 19, 29
What are the prime factors of 1821?
3, 607
List the prime factors of 4410.
2, 3, 5, 7
List the prime factors of 4694.
2, 2347
List the prime factors of 8513.
8513
List the prime factors of 1337.
7, 191
List the prime factors of 8309.
7, 1187
List the prime factors of 2300.
2, 5, 23
List the prime factors of 5022.
2, 3, 31
List the prime factors of 3701.
3701
What are the prime factors of 1030?
2, 5, 103
What are the prime factors of 760?
2, 5, 19
What are the prime factors of 65553?
3, 21851
What are the prime factors of 51?
3, 17
List the prime factors of 17840.
2, 5, 223
What are the prime factors of 50834?
2, 7, 3631
List the prime factors of 3974.
2, 1987
List the prime factors of 53000.
2, 5, 53
What are the prime factors of 80788?
2, 19, 1063
List the prime factors of 32077.
32077
List the prime factors of 1965.
3, 5, 131
What are the prime factors of 5556?
2, 3, 463
What are the prime factors of 90375?
3, 5, 241
List the prime factors of 1223.
1223
List the prime factors of 450.
2, 3, 5
List the prime factors of 5863.
11, 13, 41
What are the prime factors of 4407?
3, 13, 113
List the prime factors of 32592.
2, 3, 7, 97
What are the prime factors of 74695?
5, 14939
List the prime factors of 512.
2
List the prime factors of 23330.
2, 5, 2333
What are the prime factors of 15048?
2, 3, 11, 19
List the prime factors of 5918.
2, 11, 269
List the prime factors of 11757.
3, 3919
List the prime factors of 6346.
2, 19, 167
List the prime factors of 34.
2, 17
List the prime factors of 2781.
3, 103
List the prime factors of 1178.
2, 19, 31
List the prime factors of 73610.
2, 5, 17, 433
What are the prime factors of 1174?
2, 587
List the prime factors of 26355.
3, 5, 7, 251
List the prime factors of 17040.
2, 3, 5, 71
List the prime factors of 53730.
2, 3, 5, 199
List the prime factors of 513.
3, 19
What are the prime factors of 6506?
2, 3253
List the prime factors of 3179.
11, 17
What are the prime factors of 15919?
15919
What are the prime factors of 1452?
2, 3, 11
List the prime factors of 5927.
5927
List the prime factors of 1727.
11, 157
List the prime factors of 17295.
3, 5, 1153
What are the prime factors of 18891?
3, 2099
List the prime factors of 49340.
2, 5, 2467
What are the prime factors of 76377?
3, 7, 3637
List the prime factors of 33255.
3, 5, 739
What are the prime factors of 3700?
2, 5, 37
List the prime factors of 3449.
3449
List the prime factors of 848.
2, 53
What are the prime factors of 15378?
2, 3, 11, 233
List the prime factors of 2189.
11, 199
What are the prime factors of 4857?
3, 1619
What are the prime factors of 757?
757
List the prime factors of 1784.
2, 223
What are the prime factors of 3245?
5, 11, 59
List the prime factors of 20302.
2, 10151
What are the prime factors of 5049?
3, 11, 17
List the prime factors of 12802.
2, 37, 173
What are the prime factors of 9070?
2, 5, 907
List the prime factors of 10773.
3, 7, 19
List the prime factors of 18064.
2, 1129
What are the prime factors of 27008?
2, 211
List the prime factors of 23664.
2, 3, 17, 29
List the prime factors of 40036.
2, 10009
List the prime factors of 4369.
17, 257
List the prime factors of 1881.
3, 11, 19
What are the prime factors of 27632?
2, 11, 157
What are the prime factors of 7946?
2, 29, 137
List the prime factors of 61492.
2, 15373
List the prime factors of 328.
2, 41
List the prime factors of 2334.
2, 3, 389
What are the prime factors of 2215?
5, 443
List the prime factors of 1328.
2, 83
What are the prime factors of 6248?
2, 11, 71
What are the prime factors of 2162?
2, 23, 47
What are the prime factors of 7840?
2, 5, 7
List the prime factors of 565.
5, 113
What are the prime factors of 589?
19, 31
What are the prime factors of 746?
2, 373
List the prime factors of 89857.
59, 1523
List the prime factors of 194.
2, 97
List the prime factors of 1648.
2, 103
List the prime factors of 48891.
3, 43, 379
List the prime factors of 27684.
2, 3, 769
List the prime factors of 1881.
3, 11, 19
List the prime factors of 97372.
2, 11, 2213
What are the prime factors of 1771?
7, 11, 23
List the prime factors of 1403.
23, 61
List the prime factors of 6131.
6131
What are the prime factors of 17063?
113, 151
List the prime factors of 5117.
7, 17, 43
List the prime factors of 28377.
3, 1051
List the prime factors of 2330.
2, 5, 233
What are the prime factors of 15598?
2, 11, 709
List the prime factors of 36872.
2, 11, 419
What are the prime factors of 6905?
5, 1381
List the prime factors of 6356.
2, 7, 227
List the prime factors of 64230.
2, 3, 5, 2141
List the prime factors of 1123.
1123
What are the prime factors of 9134?
2, 4567
What are the prime factors of 4765?
5, 953
What are the prime factors of 2781?
3, 103
What are the prime factors of 1811?
1811
What are the prime factors of 8526?
2, 3, 7, 29
List the prime factors of 19175.
5, 13, 59
What are the prime factors of 468?
2, 3, 13
What are the prime factors of 1100?
2, 5, 11
List the prime factors of 7210.
2, 5, 7, 103
What are the prime factors of 1351?
7, 193
List the prime factors of 637.
7, 13
What are the prime factors of 1665?
3, 5, 37
What are the prime factors of 5534?
2, 2767
List the prime factors of 984.
2, 3, 41
What are the prime factors of 4076?
2, 1019
List the prime factors of 6086.
2, 17, 179
List the prime factors of 22060.
2, 5, 1103
List the prime factors of 1365.
3, 5, 7, 